(g) = g**3 + 72*g**2 + 65*g + 15764. Give w(-74).
2
Let h(w) = -111*w + 2. Calculate h(1).
-109
Let n(v) = -2*v**3 + 6*v**2 - 11*v - 11. Give n(3).
-44
Let b(g) = -2*g**2 + 24*g - 61. What is b(12)?
-61
Let c(y) = 14*y**3 + 56*y**2 - 2*y + 2. What is c(-4)?
10
Let f(a) = 2*a**3 + 2*a**2 - 329*a + 11. What is f(0)?
11
Let g(m) = m**3 - 13*m**2 + 41*m - 13. Determine g(6).
-19
Let c(g) = 345*g + 3. Determine c(0).
3
Let f(j) = 240*j + 101. What is f(-1)?
-139
Let t(k) = -k**3 - 27*k**2 - 4*k - 50. Calculate t(-27).
58
Let h(w) = 3*w**3 - 22*w**2 - 21*w + 26. Give h(8).
-14
Let d(a) = -a**2 + 202*a + 1026. What is d(-5)?
-9
Let r(p) = 3*p**2 - 144*p - 130. Give r(49).
17
Let q(d) = -2*d**2 + 149*d + 12800. What is q(-51)?
-1
Let x(f) = 248*f + 998. Give x(-4).
6
Let l(r) = 348*r - 12546. What is l(36)?
-18
Let i(c) = 70*c**3 + 2*c**2 + 4*c + 4. Give i(-1).
-68
Let u(g) = -2*g**2 + 148*g - 414. What is u(3)?
12
Let y(z) = -13*z - 147. Calculate y(-10).
-17
Let z(c) = 25*c - 35. Calculate z(2).
15
Let i(x) = -15*x**3 - 994*x**2 - 268*x - 263. Calculate i(-66).
1
Let p(x) = -31*x**2 + 223*x - 45. Determine p(7).
-3
Let f(x) = 1934*x - 13577. Determine f(7).
-39
Let o(p) = -4*p + 97. Determine o(-4).
113
Let l(b) = -6*b**2 - 53*b - 45. Determine l(-8).
-5
Let n(q) = 306*q + 580. Calculate n(-3).
-338
Let f(n) = -n**2 - 32*n + 854. Give f(-49).
21
Let q(t) = 276*t + 841. What is q(-3)?
13
Let f(v) = 28*v - 858. Give f(29).
-46
Let v(d) = 4*d**3 + 6*d**2 + d. Give v(-2).
-10
Let f(n) = -2*n**3 - 813*n**2 + 4535*n + 1232. Give f(-412).
-4
Let s(y) = 1525*y + 13733. Calculate s(-9).
8
Let q(j) = 3*j**2 + 263*j - 22. Calculate q(-87).
-196
Let i(v) = 3*v**3 + 10*v**2 + 8*v + 3. What is i(-3)?
-12
Let m(c) = 22*c**2 + 72*c + 13. Give m(-3).
-5
Let y(z) = -3*z**2 - 174*z + 1350. Calculate y(7).
-15
Let j(r) = 1008*r - 5064. Give j(5).
-24
Let o(f) = 18*f**3 + f**2 + 9*f + 47. Determine o(-3).
-457
Let m(p) = -p**3 + 31*p**2 - 230*p - 100. Give m(14).
12
Let b(q) = -q**2 - 59*q + 176. What is b(-51)?
584
Let a(u) = -u**3 + 27*u**2 - 137*u - 47. Calculate a(8).
73
Let k(t) = -3*t**2 + 57*t + 518. Determine k(26).
-28
Let l(p) = -2*p**2 - 9*p + 107. What is l(5)?
12
Let p(m) = m**3 - 13*m**2 - 4*m + 51. What is p(13)?
-1
Let j(y) = 136*y**2 + 16*y - 6. Determine j(2).
570
Let k(b) = b**3 - 18*b**2 - 139*b + 26. Calculate k(24).
146
Let v(r) = r**3 + 11*r**2 + 13*r + 8. Give v(-10).
-22
Let q(p) = -12*p**3 + 11*p**2 + 11*p + 1. Calculate q(-1).
13
Let w(c) = c**3 - 99*c**2 - 409*c - 309. Give w(103).
0
Let o(z) = 333*z - 4309. What is o(13)?
20
Let m(o) = 200*o**2 - 11*o + 10. Determine m(1).
199
Let s(v) = 9*v**2 + 202*v - 3. Determine s(-22).
-91
Let a(z) = -14*z + 332. Calculate a(13).
150
Let x(t) = -18*t + 374. What is x(21)?
-4
Let t(k) = 2*k**3 - 17*k**2 - 25*k + 60. Give t(9).
-84
Let v(y) = 4*y**3 - 12*y**2 - 4*y + 26. Calculate v(5).
206
Let k(m) = -10*m + 125. What is k(12)?
5
Let k(l) = l**2 - 79*l + 140. Determine k(77).
-14
Let r(t) = t**3 - 51*t**2 + 184*t - 17. What is r(4)?
-33
Let u(k) = -k**3 - 3*k**2 + 31*k + 83. Give u(-7).
62
Let k(o) = 6*o. Give k(-16).
-96
Let h(n) = n**2 - 9*n - 19. Calculate h(13).
33
Let w(s) = -3*s**2 + 44*s - 131. Determine w(8).
29
Let q(n) = n**3 - 16*n**2 - 26*n - 348. What is q(18)?
-168
Let r(l) = -17*l**2 - 1867*l + 329. Give r(-110).
-1
Let h(s) = 11*s**3 - 659*s**2 - 25*s - 2100. Determine h(60).
0
Let h(t) = -3*t**3 + 59*t**2 - 25*t - 1. What is h(19)?
246
Let g(j) = -j**3 - 36*j**2 - 179*j + 5. Give g(-30).
-25
Let i(w) = -2*w**3 + 28*w**2 + 34*w - 25. Determine i(15).
35
Let r(k) = 11*k**2 + 214*k - 121. What is r(-20)?
-1
Let g(m) = -m**2 + 41*m - 313. What is g(24)?
95
Let w(b) = -5*b**3 - 32*b**2 - 5*b + 12. What is w(-6)?
-30
Let a(r) = -56*r - 3520. Calculate a(-64).
64
Let q(z) = z**2 - 39*z - 546. Give q(-11).
4
Let z(r) = 1289*r + 2583. Give z(-2).
5
Let n(o) = -3708*o + 29668. Give n(8).
4
Let l(p) = -3*p**2 - 1848*p + 9306. Determine l(5).
-9
Let m(f) = -4*f + 39. Calculate m(-29).
155
Let v(h) = -21*h**2 + 4*h + 20. Give v(-3).
-181
Let p(l) = l**3 + 98*l**2 + 92*l - 492. What is p(-97)?
-7
Let f(a) = 271*a**2 - 2445*a + 80. Calculate f(9).
26
Let f(m) = -2*m**3 + 43*m**2 - 62*m + 52. Give f(20).
12
Let u(r) = 2*r**3 - 758*r**2 + 1508*r - 5. What is u(2)?
-5
Let o(h) = -7*h**3 - 6*h**2 + 40*h - 101. Give o(3).
-224
Let d(z) = 2*z**3 + 11*z - 398. Calculate d(0).
-398
Let g(s) = 366*s + 23793. What is g(-65)?
3
Let f(a) = -a**3 - 99*a**2 - 100*a - 149. What is f(-98)?
47
Let p(j) = 6044*j + 42355. Determine p(-7).
47
Let o(v) = v**3 + 9*v**2 + 2*v - 190. Determine o(4).
26
Let h(l) = -166*l**3 + 997*l**2 - 9*l + 14. What is h(6)?
-4
Let v(g) = 2*g**2 + 57*g + 3. Give v(-26).
-127
Let c(o) = -71*o - 1002. Calculate c(-14).
-8
Let b(k) = 1268*k + 5061. Calculate b(-4).
-11
Let o(g) = g**3 - g**2 + 2*g + 5. Calculate o(-2).
-11
Let g(q) = 14*q**2 + 16*q + 23. Determine g(-2).
47
Let r(b) = b**2 - 16*b - 54. Determine r(-10).
206
Let m(n) = 3*n**3 + 3*n**2 - 62*n + 60. Give m(1).
4
Let o(i) = i**3 - 35*i**2 + 99*i - 11. Determine o(32).
85
Let l(k) = -k**3 + 46*k**2 + 200*k + 283. Give l(50).
283
Let a(i) = i**3 + 3*i**2 + 15*i + 50. Give a(-3).
5
Let n(t) = -4907*t + 14737. What is n(3)?
16
Let n(w) = 3*w**3 - 67*w**2 - 37*w - 212. Give n(23).
-5
Let b(o) = 16*o**3 + 2*o**2 + 5*o - 14. Give b(2).
132
Let i(n) = 722*n - 8666. What is i(12)?
-2
Let t(l) = -l**2 - 104*l + 1163. Give t(10).
23
Let y(j) = j**3 + 5*j**2 - 17*j - 13. Determine y(3).
8
Let s(q) = -59*q - 17455. Determine s(-296).
9
Let m(n) = 1983*n + 15765. Determine m(-8).
-99
Let q(y) = -4*y**2 - 26*y + 325. What is q(7)?
-53
Let p(n) = n**2 + 17*n - 677. Give p(19).
7
Let b(i) = 17*i**2 + 13*i - 48. What is b(4)?
276
Let n(i) = 35*i - 668. Determine n(19).
-3
Let m(v) = 26*v + 37. Calculate m(10).
297
Let y(b) = 2*b**3 - 87*b**2 + 283*b - 113. Give y(40).
7
Let l(y) = 2*y**2 - 388*y + 18763. Give l(102).
-5
Let c(y) = 7259*y - 130655. Calculate c(18).
7
Let u(n) = n**3 + 16*n**2 + 8*n + 27. Give u(-8).
475
Let v(t) = -t**2 + 20*t + 84. Calculate v(-8).
-140
Let s(y) = y**2 + 115*y + 1985. Calculate s(-94).
11
Let l(t) = 4*t**3 + 5*t**2 - 6*t - 4. Calculate l(2).
36
Let a(v) = -249*v - 2244. Determine a(-9).
-3
Let n(w) = -2521*w + 2513. Give n(1).
-8
Let v(z) = -674*z - 771. Calculate v(-1).
-97
Let w(q) = -q**3 + 190*q**2 - 383*q + 1313. Determine w(188).
-3
Let o(n) = -2*n**2 - 22*n - 26. What is o(-12)?
-50
Let q(s) = -184*s + 41965. Determine q(228).
13
Let r(b) = -b**2 + 462*b - 19138. Calculate r(46).
-2
Let f(r) = 5*r**2 - 122*r + 440. What is f(20)?
0
Let b(x) = -x**3 - 72*x**2 - 772*x - 292. What is b(-59)?
3
Let v(l) = 193*l**3 + 3*l**2 + 14*l - 14. What is v(1)?
196
Let m(r) = 311*r + 3559. Determine m(-8).
1071
Let j(x) = x**3 - x**2 - 7*x - 12. Give j(-4).
-64
Let v(x) = -2*x**2 - 4*x + 96. Determine v(9).
-102
Let t(l) = 245*l - 5633. Determine t(23).
2
Let q(p) = 11*p + 5. Determine q(18).
203
Let a(b) = -44*b - 584. Determine a(-13).
-12
Let f(i) = 1037*i - 19718. Give f(19).
-15
Let z(r) = 413*r + 12000. Give z(-29).
23
Let a(v) = 18*v - 589. Determine a(10).
-409
Let v(q) = 2*q**3 + 27*q**2 + 68*q - 29. What is v(-10)?
-9
Let c(o) = o**2 + 13*o - 44. What is c(10)?
186
Let g(p) = -2*p**2 + 8*p + 34. Calculate g(8).
-30
Let f(m) = -13*m**2 + 222*m - 38. What is f(17)?
-21
Let b(i) = i**3 + 17*i**2 + 22*i + 53. Determine b(-16).
-43
Let v(x) = -740*x + 18502. Determine v(25).
2
Let o(w) = -w + 17. Calculate o(-19).
36
Let m(f) = -498*f - 2000. Give m(-4).
-8
Let l(a) = a**3 + a**2 - 2553*a - 6. What is l(0)?
-6
Let r(o) = -2345*o - 30489. Calculate r(-13).
-4
Let c(z) = 284*z + 3412. Determine c(-12).
4
Let h(t) = -9*t**2 - 1339*t + 9813. Calculate h(7).
-1
Let i(o) = -26*o**2 + 181*o + 45. Calculate i(7).
38
Let q(b) = 3*b**3 + 222*b**2 - 16*b - 186. What is q(-74)?
998
Let x(b) = -b**2 - 234*b - 2246. What is x(-224)?
-6
Let o(s) = s**3 - 7*s**2 + 22*s + 5. Give o(7).
159
Let b(q) = -q**3 - 12*q**2 + 11*q + 127. Give b(-12).
-5
Let v(w) = w**3 + 13*w**2 - 49*w - 35. Calculate v(-16).
-19
Let a(d) = -6*d**2 - 38*d + 239. What is a(-11)?
-69
Let j(u) = -u**2 + 2*u + 221. Give j(-14).
-3
Let r(h) = 14125*h + 112999.